{"id":21,"date":"2021-02-20T12:09:28","date_gmt":"2021-02-20T11:09:28","guid":{"rendered":"http:\/\/www.pcpr2.powiat-skierniewice.pl\/?page_id=21"},"modified":"2026-01-15T08:45:22","modified_gmt":"2026-01-15T07:45:22","slug":"kontakt","status":"publish","type":"page","link":"http:\/\/www.pcpr.powiat-skierniewice.pl\/index.php\/kontakt\/","title":{"rendered":"Kontakt"},"content":{"rendered":"<p><center><b>Powiatowe Centrum Pomocy Rodzinie<\/b><br \/>\nul. Konstytucji 3 Maja 6, 96-100 Skierniewice<br \/>\npow. skierniewicki, woj. \u0142\u00f3dzkie<\/center><center><br \/>\nGodziny urz\u0119dowania: Pn-Pt 8.00-16.00<br \/>\ntel.\/fax: 046 834 59 47; 046 833 45 14<br \/>\ne-mail:\u00a0<a href=\"mailto:pcpr@powiat-skierniewice.pl\">pcpr@powiat-skierniewice.pl<\/a><br \/>\n<a href=\"mailto:%20%20%20%20soc@powiat-skierniewice.pl\">soc@powiat-skierniewice.pl<\/a><\/center><center>Skrzynka E-PUAP:\u00a0 s20p23vegv\u00a0<\/center><center>Adres do e-Dor\u0119cze\u0144: AE:PL-20305-67257-UUGHC-26<\/center><iframe loading=\"lazy\" style=\"border: 0;\" src=\"https:\/\/www.google.com\/maps\/embed?pb=!1m14!1m8!1m3!1d9834.168701104763!2d20.1449154!3d51.9605397!3m2!1i1024!2i768!4f13.1!3m3!1m2!1s0x0%3A0x315ba767e97a9893!2sPowiatowe%20Centrum%20Pomocy%20Rodzinie!5e0!3m2!1spl!2spl!4v1613819338811!5m2!1spl!2spl\" width=\"1600\" height=\"450\" allowfullscreen=\"allowfullscreen\"><\/iframe><\/p>\n","protected":false},"excerpt":{"rendered":"<p>Powiatowe Centrum Pomocy Rodzinie ul. Konstytucji 3 Maja 6, 96-100 Skierniewice pow. skierniewicki, woj. \u0142\u00f3dzkie Godziny urz\u0119dowania: Pn-Pt 8.00-16.00 tel.\/fax: 046 834 59 47; 046 833 45 14 e-mail:\u00a0pcpr@powiat-skierniewice.pl soc@powiat-skierniewice.plSkrzynka [&hellip;]<\/p>\n","protected":false},"author":1,"featured_media":0,"parent":0,"menu_order":0,"comment_status":"closed","ping_status":"closed","template":"","meta":{"footnotes":""},"class_list":["post-21","page","type-page","status-publish","hentry","clearfix"],"_links":{"self":[{"href":"http:\/\/www.pcpr.powiat-skierniewice.pl\/index.php\/wp-json\/wp\/v2\/pages\/21","targetHints":{"allow":["GET"]}}],"collection":[{"href":"http:\/\/www.pcpr.powiat-skierniewice.pl\/index.php\/wp-json\/wp\/v2\/pages"}],"about":[{"href":"http:\/\/www.pcpr.powiat-skierniewice.pl\/index.php\/wp-json\/wp\/v2\/types\/page"}],"author":[{"embeddable":true,"href":"http:\/\/www.pcpr.powiat-skierniewice.pl\/index.php\/wp-json\/wp\/v2\/users\/1"}],"replies":[{"embeddable":true,"href":"http:\/\/www.pcpr.powiat-skierniewice.pl\/index.php\/wp-json\/wp\/v2\/comments?post=21"}],"version-history":[{"count":5,"href":"http:\/\/www.pcpr.powiat-skierniewice.pl\/index.php\/wp-json\/wp\/v2\/pages\/21\/revisions"}],"predecessor-version":[{"id":404,"href":"http:\/\/www.pcpr.powiat-skierniewice.pl\/index.php\/wp-json\/wp\/v2\/pages\/21\/revisions\/404"}],"wp:attachment":[{"href":"http:\/\/www.pcpr.powiat-skierniewice.pl\/index.php\/wp-json\/wp\/v2\/media?parent=21"}],"curies":[{"name":"wp","href":"https:\/\/api.w.org\/{rel}","templated":true}]}}