{"id":27,"date":"2021-02-20T12:53:22","date_gmt":"2021-02-20T11:53:22","guid":{"rendered":"http:\/\/www.pcpr2.powiat-skierniewice.pl\/?page_id=27"},"modified":"2025-02-26T15:08:53","modified_gmt":"2025-02-26T14:08:53","slug":"piecza-zastepcza","status":"publish","type":"page","link":"http:\/\/www.pcpr.powiat-skierniewice.pl\/index.php\/piecza-zastepcza\/","title":{"rendered":"Piecza zast\u0119pcza"},"content":{"rendered":"<p class=\"p1\"><b>Piecza zast\u0119pcza jest sprawowana w przypadku niemo\u017cno\u015bci zapewnienia dziecku opieki i wychowania przez rodzic\u00f3w.<\/b><\/p>\n<p class=\"p2\"><b>Piecza zast\u0119pcza zapewnia:<span class=\"Apple-converted-space\">\u00a0<\/span><\/b><\/p>\n<p>&nbsp;<\/p>\n<ul class=\"ul1\">\n<li class=\"li3\">prac\u0119 z rodzin\u0105 umo\u017cliwiaj\u0105c\u0105 powr\u00f3t dziecka do rodziny lub gdy jest to niemo\u017cliwe \u2013 d\u0105\u017cenie do przysposobienia dziecka, a w przypadku braku mo\u017cliwo\u015bci przysposobienia dziecka \u2013 opiek\u0119 i wychowanie w \u015brodowisku zast\u0119pczym;<\/li>\n<li class=\"li3\">przygotowanie dziecka do:<\/li>\n<\/ul>\n<ul class=\"ul1\">\n<li style=\"list-style-type: none;\">\n<ul class=\"ul1\">\n<li class=\"li3\">godnego, samodzielnego i odpowiedzialnego \u017cycia,<\/li>\n<li class=\"li3\">pokonywania trudno\u015bci \u017cyciowych zgodnie z zasadami etyki,<\/li>\n<li class=\"li3\">nawi\u0105zywania i podtrzymywania bliskich, osobistych i spo\u0142ecznie akceptowanych kontakt\u00f3w z rodzin\u0105 i r\u00f3wie\u015bnikami, w celu \u0142agodzenia skutk\u00f3w do\u015bwiadczania straty i\u00a0separacji oraz zdobywania umiej\u0119tno\u015bci spo\u0142ecznych;<\/li>\n<\/ul>\n<\/li>\n<\/ul>\n<ul class=\"ul1\">\n<li class=\"li3\">zaspokojenie potrzeb emocjonalnych dzieci, ze szczeg\u00f3lnym uwzgl\u0119dnieniem potrzeb bytowych, zdrowotnych, edukacyjnych i kulturalno-rekreacyjnych.<\/li>\n<\/ul>\n<p class=\"p2\"><b>Piecza zast\u0119pcza jest sprawowana w formie:<span class=\"Apple-converted-space\">\u00a0<\/span><\/b><\/p>\n<ul class=\"ul1\">\n<li class=\"li2\">rodzinnej;<\/li>\n<li class=\"li2\">instytucjonalnej.<\/li>\n<\/ul>\n<p class=\"p1\">\n<p>&nbsp;<\/p>\n<p>&nbsp;<\/p>\n<p>&nbsp;<\/p>\n<p>&nbsp;<\/p>\n","protected":false},"excerpt":{"rendered":"<p>Piecza zast\u0119pcza jest sprawowana w przypadku niemo\u017cno\u015bci zapewnienia dziecku opieki i wychowania przez rodzic\u00f3w. Piecza zast\u0119pcza zapewnia:\u00a0 &nbsp; prac\u0119 z rodzin\u0105 umo\u017cliwiaj\u0105c\u0105 powr\u00f3t dziecka do rodziny lub gdy jest to [&hellip;]<\/p>\n","protected":false},"author":1,"featured_media":0,"parent":0,"menu_order":0,"comment_status":"closed","ping_status":"closed","template":"","meta":{"footnotes":""},"class_list":["post-27","page","type-page","status-publish","hentry","clearfix"],"_links":{"self":[{"href":"http:\/\/www.pcpr.powiat-skierniewice.pl\/index.php\/wp-json\/wp\/v2\/pages\/27","targetHints":{"allow":["GET"]}}],"collection":[{"href":"http:\/\/www.pcpr.powiat-skierniewice.pl\/index.php\/wp-json\/wp\/v2\/pages"}],"about":[{"href":"http:\/\/www.pcpr.powiat-skierniewice.pl\/index.php\/wp-json\/wp\/v2\/types\/page"}],"author":[{"embeddable":true,"href":"http:\/\/www.pcpr.powiat-skierniewice.pl\/index.php\/wp-json\/wp\/v2\/users\/1"}],"replies":[{"embeddable":true,"href":"http:\/\/www.pcpr.powiat-skierniewice.pl\/index.php\/wp-json\/wp\/v2\/comments?post=27"}],"version-history":[{"count":9,"href":"http:\/\/www.pcpr.powiat-skierniewice.pl\/index.php\/wp-json\/wp\/v2\/pages\/27\/revisions"}],"predecessor-version":[{"id":379,"href":"http:\/\/www.pcpr.powiat-skierniewice.pl\/index.php\/wp-json\/wp\/v2\/pages\/27\/revisions\/379"}],"wp:attachment":[{"href":"http:\/\/www.pcpr.powiat-skierniewice.pl\/index.php\/wp-json\/wp\/v2\/media?parent=27"}],"curies":[{"name":"wp","href":"https:\/\/api.w.org\/{rel}","templated":true}]}}

Piecza zastępcza

<p class="p1"><b>Piecza zastępcza jest sprawowana w przypadku niemożności zapewnienia dziecku opieki i wychowania przez rodziców.</b></p>
<p class="p2"><b>Piecza zastępcza zapewnia:<span class="Apple-converted-space"> </span></b></p>
<p>&nbsp;</p>
<ul class="ul1">
<li class="li3">pracę z rodziną umożliwiającą powrót dziecka do rodziny lub gdy jest to niemożliwe – dążenie do przysposobienia dziecka, a w przypadku braku możliwości przysposobienia dziecka – opiekę i wychowanie w środowisku zastępczym;</li>
<li class="li3">przygotowanie dziecka do:</li>
</ul>
<ul class="ul1">
<li style="list-style-type: none;">
<ul class="ul1">
<li class="li3">godnego, samodzielnego i odpowiedzialnego życia,</li>
<li class="li3">pokonywania trudności życiowych zgodnie z zasadami etyki,</li>
<li class="li3">nawiązywania i podtrzymywania bliskich, osobistych i społecznie akceptowanych kontaktów z rodziną i rówieśnikami, w celu łagodzenia skutków doświadczania straty i separacji oraz zdobywania umiejętności społecznych;</li>
</ul>
</li>
</ul>
<ul class="ul1">
<li class="li3">zaspokojenie potrzeb emocjonalnych dzieci, ze szczególnym uwzględnieniem potrzeb bytowych, zdrowotnych, edukacyjnych i kulturalno-rekreacyjnych.</li>
</ul>
<p class="p2"><b>Piecza zastępcza jest sprawowana w formie:<span class="Apple-converted-space"> </span></b></p>
<ul class="ul1">
<li class="li2">rodzinnej;</li>
<li class="li2">instytucjonalnej.</li>
</ul>
<p class="p1">
<p>&nbsp;</p>
<p>&nbsp;</p>
<p>&nbsp;</p>
<p>&nbsp;</p>

<p>Piecza zastępcza jest sprawowana w przypadku niemożności zapewnienia dziecku opieki i wychowania przez rodziców. Piecza zastępcza zapewnia:  &nbsp; pracę z rodziną umożliwiającą powrót dziecka do rodziny lub gdy jest to [&hellip;]</p>
